72122?
2
What is the hundreds digit of 2727057?
0
What is the thousands digit of 4453492?
3
What is the thousands digit of 1591567?
1
What is the hundred thousands digit of 376213?
3
What is the millions digit of 1386775?
1
What is the units digit of 1416805?
5
What is the millions digit of 3347792?
3
What is the tens digit of 7330134?
3
What is the tens digit of 93575?
7
What is the hundred thousands digit of 10308733?
3
What is the units digit of 10699937?
7
What is the tens digit of 948506?
0
What is the thousands digit of 1483768?
3
What is the ten millions digit of 16174173?
1
What is the units digit of 1525746?
6
What is the hundred thousands digit of 22809256?
8
What is the units digit of 6072558?
8
What is the tens digit of 928212?
1
What is the hundreds digit of 16470433?
4
What is the tens digit of 1917589?
8
What is the hundreds digit of 84884?
8
What is the units digit of 22025702?
2
What is the hundreds digit of 730053?
0
What is the hundred thousands digit of 15413417?
4
What is the hundred thousands digit of 295489?
2
What is the units digit of 2533331?
1
What is the thousands digit of 11428735?
8
What is the hundreds digit of 7096323?
3
What is the units digit of 337967?
7
What is the hundred thousands digit of 11832662?
8
What is the hundreds digit of 2318794?
7
What is the thousands digit of 7103396?
3
What is the units digit of 1111768?
8
What is the thousands digit of 15977442?
7
What is the tens digit of 1026769?
6
What is the ten thousands digit of 683925?
8
What is the millions digit of 1238892?
1
What is the hundred thousands digit of 282744?
2
What is the hundreds digit of 2029159?
1
What is the millions digit of 4683480?
4
What is the thousands digit of 200451?
0
What is the tens digit of 1249311?
1
What is the ten thousands digit of 22729?
2
What is the millions digit of 1110707?
1
What is the tens digit of 20454?
5
What is the tens digit of 1008020?
2
What is the millions digit of 10797984?
0
What is the millions digit of 4341922?
4
What is the hundreds digit of 1093553?
5
What is the thousands digit of 243112?
3
What is the units digit of 9823632?
2
What is the units digit of 65883?
3
What is the millions digit of 1809238?
1
What is the hundred thousands digit of 470497?
4
What is the hundred thousands digit of 1260690?
2
What is the ten thousands digit of 72841?
7
What is the thousands digit of 926699?
6
What is the ten thousands digit of 5365846?
6
What is the thousands digit of 201021?
1
What is the thousands digit of 4514646?
4
What is the tens digit of 24939?
3
What is the hundreds digit of 12357507?
5
What is the tens digit of 485511?
1
What is the units digit of 1570580?
0
What is the ten thousands digit of 6191503?
9
What is the tens digit of 15605159?
5
What is the tens digit of 181162?
6
What is the hundreds digit of 2005619?
6
What is the hundreds digit of 430554?
5
What is the ten thousands digit of 9701471?
0
What is the hundred thousands digit of 216816?
2
What is the ten thousands digit of 8417949?
1
What is the ten thousands digit of 113878?
1
What is the tens digit of 11376372?
7
What is the units digit of 892020?
0
What is the hundred thousands digit of 236472?
2
What is the ten thousands digit of 88630?
8
What is the tens digit of 12172223?
2
What is the units digit of 2516321?
1
What is the hundred thousands digit of 12803713?
8
What is the thousands digit of 332279?
2
What is the hundreds digit of 113267?
2
What is the millions digit of 2582430?
2
What is the tens digit of 1190565?
6
What is the units digit of 255834?
4
What is the units digit of 54848?
8
What is the tens digit of 119591?
9
What is the hundreds digit of 524856?
8
What is the units digit of 765829?
9
What is the hundreds digit of 716512?
5
What is the hundred thousands digit of 395437?
3
What is the units digit of 148349?
9
What is the hundreds digit of 3102251?
2
What is the hundreds digit of 1603530?
5
What is the tens digit of 149345?
4
What is the tens digit of 207618?
1
What is the hundreds digit of 294434?
4
What is the units digit of 164973?
3
What is the hundred thousands digit of 4427096?
4
What is the thousands digit of 17751676?
1
What is the hundreds digit of 15383?
3
What is the ten thousands digit of 91224?
9
What is the hundreds digit of 229364?
3
What is the units digit of 13676051?
1
What is the hundreds digit of 1164688?
6
What is the hundreds digit of 4434679?
6
What is the hundreds digit of 1127499?
4
What is the hundreds digit of 513181?
1
What is the hundreds digit of 54328?
3
What is the hundred thousands digit of 1412720?
4
What is the hundreds digit of 6655133?
1
What is the hundreds digit of 311648?
6
What is the ten thousands digit of 1470326?
7
What is the millions digit of 8394993?
8
What is the hundreds digit of 3209421?
4
What is the millions digit of 5029304?
5
What is the tens digit of 2146929?
2
What is the thousands digit of 445897?
5
What is the tens digit of 1773640?
4
What is the hundreds digit of 7451264?
2
What is the millions digit of 23220442?
3
What is the millions digit of 30589061?
0
What is the thousands digit of 547135?
7
What is the hundred thousands digit of 9540303?
5
What is the hundreds digit of 53353?
3
What is the tens digit of 1976899?
9
What is the ten thousands digit of 1394394?
9
What is the thousands digit of 247748?
7
What is the ten thousands digit of 320050?
2
What is the hundred thousands digit of 28488988?
4
What is the units digit of 631909?
9
What is the tens digit of 564108?
0
What is the hundreds digit of 415075?
0
What is the units digit of 5157275?
5
What is the tens digit of 259467?
6
What is the tens digit of 26356?
5
What is the hundreds digit of 508266?
2
What is the thousands digit of 193711?
3
What is the hundreds digit of 100424?
4
What is the millions digit of 8981495?
8
What is the tens digit of 418735?
3
What is the hundred thousands digit of 845808?
8
What is the ten thousands digit of 1029089?
2
What is the hundred thousands digit of 4526997?
5
What is the units digit of 27251?
1
What is the ten thousands digit of 153665?
5
What is the tens digit of 346018?
1
What is the tens digit of 6600011?
1
What is the units digit of 307704?
4
What is the hundred thousands digit of 160222?
1
What is the tens digit of 569534?
3
What is the units digit of 39459879?
9
What is the hundreds digit of 9004515?
5
What is the ten thousands digit of 377057?
7
What is the tens digit of 3485590?
9
What is the millions digit of 1123159?
1
What is the ten thousands digit of 166514?
6
What is the hundred thousands digit of 149594?
1
What is the thousands digit of 659604?
9
What is the thousands digit of 4482102?
2
What is the thousands digit of 3328896?
8
What is the tens digit of 4263981?
8
What is the units digit of 214526?
6
What is the hundreds digit of 153377?
3
What is the hundreds digit of 262845?
8
What is the hundreds digit of 1060510?
5
What is the tens digit of 4404825?
2
What is the units digit of 5180024?
4
What is the hundreds digit of 279056?
0
What is the ten thousands digit of 958029?
5
What is the ten thousands digit of 216705?
1
What is the millions digit of 19364085?
9
What is the ten thousands digit of 1659426?
5
What is the hundreds digit of 223537?
5
What is the hundreds digit of 39680133?
1
What is the units digit of 1801186?
6
What is the units digit of 16065862?
2
What is the tens digit of 1219057?
5
What is the millions digit of 1351119?
1
What is the tens digit of 11729568?
6
What is the hundred thousands digit of 128887?
1
What is the ten thousands digit of 277435?
7
What is the hundred thousands digit of 168072?
1
What is the units digit of 784977?
7
What is the hundreds digit of 15505809?
8
What is the hundred thousands digit of 213578?
2
What is the thousands digit of 155353?
5
What is the ten thousands digit of 294056?
9
What is the millions digit of 1601681?
1
What is the tens digit of 594150?
5
What is the hundred thousands digit of 370948?
3
What is the millions digit of 9860614?
9
What is the ten thousands digit of 2636012?
3
What is the thousands digit of 113257?
3
What is the hundreds digit of 505930?
9
What is the units digit of 40762?
2
What is the hundred thousands digit of 26342431?
3
What is the hundreds digit of 1776272?
2
Wh